{"id":337,"date":"2023-04-03T19:11:33","date_gmt":"2023-04-03T17:11:33","guid":{"rendered":"https:\/\/cnrs.cz\/sympozium\/?page_id=337"},"modified":"2024-08-15T23:19:07","modified_gmt":"2024-08-15T21:19:07","slug":"pro-prednasejici","status":"publish","type":"page","link":"https:\/\/cnrs.cz\/sympozium\/pro-prednasejici\/","title":{"rendered":"Pro p\u0159edn\u00e1\u0161ej\u00edc\u00ed"},"content":{"rendered":"\n<h1 class=\"wp-block-heading has-text-align-center uag-hide-desktop uag-hide-tab uag-hide-mob\">VYHLA\u0160UJEME SOUT\u011a\u017d PRO MLAD\u00c9 TALENTY (AUTO\u0158I DO 35 LET) <\/h1>\n\n\n\n<h1 class=\"wp-block-heading has-text-align-center uag-hide-desktop uag-hide-tab uag-hide-mob\">DOTOVANOU FINAN\u010cN\u00cd ODM\u011aNOU 5000,- K\u010d<\/h1>\n\n\n\n<div style=\"height:35px\" aria-hidden=\"true\" class=\"wp-block-spacer uag-hide-desktop uag-hide-tab uag-hide-mob\"><\/div>\n\n\n\n<p class=\"has-text-align-center uag-hide-desktop uag-hide-tab uag-hide-mob\">Pro za\u0159azen\u00ed do sout\u011b\u017ee sta\u010d\u00ed zakliknout p\u0159\u00edslu\u0161n\u00e9 pol\u00ed\u010dko ve formul\u00e1\u0159i b\u011bhem odes\u00edl\u00e1n\u00ed abstraktu.<\/p>\n\n\n\n<div style=\"height:168px\" aria-hidden=\"true\" class=\"wp-block-spacer uag-hide-desktop uag-hide-tab uag-hide-mob\"><\/div>\n\n\n\n<h2 class=\"wp-block-heading has-text-align-center\">ABSTRAKT:<\/h2>\n\n\n\n<div style=\"height:35px\" aria-hidden=\"true\" class=\"wp-block-spacer\"><\/div>\n\n\n\n<p class=\"has-text-align-center\">K prezentaci na sympoziu NEUROREHA 2025 je mo\u017en\u00e9 p\u0159ihl\u00e1sit sd\u011blen\u00ed, kter\u00e1 obsahuj\u00ed v\u00fdsledky vlastn\u00ed v\u00fdzkumn\u00e9 pr\u00e1ce, nebo kazuistiky.<\/p>\n\n\n\n<div style=\"height:35px\" aria-hidden=\"true\" class=\"wp-block-spacer\"><\/div>\n\n\n\n<h2 class=\"wp-block-heading has-text-align-center\">STRUKTURA:<\/h2>\n\n\n\n<div style=\"height:35px\" aria-hidden=\"true\" class=\"wp-block-spacer\"><\/div>\n\n\n\n<div class=\"wp-block-columns is-layout-flex wp-container-core-columns-is-layout-9d6595d7 wp-block-columns-is-layout-flex\">\n<div class=\"wp-block-column is-layout-flow wp-block-column-is-layout-flow\" style=\"flex-basis:24%\"><\/div>\n\n\n\n<div class=\"wp-block-column is-layout-flow wp-block-column-is-layout-flow\" style=\"flex-basis:25%\">\n<figure class=\"wp-block-image size-full hvr-grow\"><img loading=\"lazy\" decoding=\"async\" width=\"400\" height=\"641\" src=\"https:\/\/cnrs.cz\/sympozium\/wp-content\/uploads\/2024\/08\/2025puvodniprace.png\" alt=\"\" class=\"wp-image-1172\" srcset=\"https:\/\/cnrs.cz\/sympozium\/wp-content\/uploads\/2024\/08\/2025puvodniprace.png 400w, https:\/\/cnrs.cz\/sympozium\/wp-content\/uploads\/2024\/08\/2025puvodniprace-187x300.png 187w\" sizes=\"auto, (max-width: 400px) 100vw, 400px\" \/><\/figure>\n<\/div>\n\n\n\n<div class=\"wp-block-column is-layout-flow wp-block-column-is-layout-flow\" style=\"flex-basis:2%\"><\/div>\n\n\n\n<div class=\"wp-block-column is-layout-flow wp-block-column-is-layout-flow\" style=\"flex-basis:25%\">\n<figure class=\"wp-block-image size-full hvr-grow\"><img loading=\"lazy\" decoding=\"async\" width=\"400\" height=\"641\" src=\"https:\/\/cnrs.cz\/sympozium\/wp-content\/uploads\/2024\/08\/2025kazuistika.png\" alt=\"\" class=\"wp-image-1173\" srcset=\"https:\/\/cnrs.cz\/sympozium\/wp-content\/uploads\/2024\/08\/2025kazuistika.png 400w, https:\/\/cnrs.cz\/sympozium\/wp-content\/uploads\/2024\/08\/2025kazuistika-187x300.png 187w\" sizes=\"auto, (max-width: 400px) 100vw, 400px\" \/><\/figure>\n<\/div>\n\n\n\n<div class=\"wp-block-column is-layout-flow wp-block-column-is-layout-flow\" style=\"flex-basis:24%\"><\/div>\n<\/div>\n\n\n\n<p class=\"has-text-align-center\">Maxim\u00e1ln\u00ed d\u00e9lka textu abstraktu je 400 slov, d\u00e9lka n\u00e1zvu by nem\u011bla p\u0159es\u00e1hnout 160 znak\u016f. Povoleny jsou 2 p\u0159\u00edlohy \u2013 1 p\u0159\u00edloha ve form\u00e1tu pdf (i v\u00edce stran) a 1 p\u0159\u00edloha obr\u00e1zek. Abstrakt m\u016f\u017ee b\u00fdt v \u010desk\u00e9m, slovensk\u00e9m, p\u0159\u00edpadn\u011b anglick\u00e9m jazyce.<\/p>\n\n\n\n<p class=\"has-text-align-center\">Po odesl\u00e1n\u00ed bude abstrakt posouzen odborn\u00fdm garantem p\u0159\u00edslu\u0161n\u00e9 sekce sympozia NEUROREHA 2025. Auto\u0159i budou o v\u00fdsledku vyrozum\u011bni e-mailem.<\/p>\n\n\n\n<div style=\"height:40px\" aria-hidden=\"true\" class=\"wp-block-spacer\"><\/div>\n\n\n\n<div class=\"wp-block-columns is-layout-flex wp-container-core-columns-is-layout-9d6595d7 wp-block-columns-is-layout-flex\">\n<div class=\"wp-block-column is-layout-flow wp-block-column-is-layout-flow\" style=\"flex-basis:24%\">\n<div style=\"height:100px\" aria-hidden=\"true\" class=\"wp-block-spacer\"><\/div>\n<\/div>\n\n\n\n<div class=\"wp-block-column is-layout-flow wp-block-column-is-layout-flow\" style=\"flex-basis:25%\">\n<h3 class=\"wp-block-heading has-text-align-center\">Term\u00edn pro p\u0159\u00edjem p\u0159\u00edsp\u011bvk\u016f<\/h3>\n\n\n\n<div style=\"height:20px\" aria-hidden=\"true\" class=\"wp-block-spacer\"><\/div>\n\n\n\n<figure class=\"wp-block-image size-full hvr-grow\"><img loading=\"lazy\" decoding=\"async\" width=\"450\" height=\"441\" src=\"https:\/\/cnrs.cz\/sympozium\/wp-content\/uploads\/2024\/08\/dat282.png\" alt=\"\" class=\"wp-image-1171\" srcset=\"https:\/\/cnrs.cz\/sympozium\/wp-content\/uploads\/2024\/08\/dat282.png 450w, https:\/\/cnrs.cz\/sympozium\/wp-content\/uploads\/2024\/08\/dat282-300x294.png 300w\" sizes=\"auto, (max-width: 450px) 100vw, 450px\" \/><\/figure>\n<\/div>\n\n\n\n<div class=\"wp-block-column is-layout-flow wp-block-column-is-layout-flow\" style=\"flex-basis:2%\">\n<div style=\"height:106px\" aria-hidden=\"true\" class=\"wp-block-spacer\"><\/div>\n<\/div>\n\n\n\n<div class=\"wp-block-column is-layout-flow wp-block-column-is-layout-flow\" style=\"flex-basis:25%\">\n<h3 class=\"wp-block-heading has-text-align-center\">Ozn\u00e1men\u00ed hodnocen\u00ed p\u0159\u00edsp\u011bvk\u016f<\/h3>\n\n\n\n<div style=\"height:20px\" aria-hidden=\"true\" class=\"wp-block-spacer\"><\/div>\n\n\n\n<figure class=\"wp-block-image size-full hvr-grow\"><img loading=\"lazy\" decoding=\"async\" width=\"450\" height=\"441\" src=\"https:\/\/cnrs.cz\/sympozium\/wp-content\/uploads\/2024\/08\/dat153.png\" alt=\"\" class=\"wp-image-1170\" srcset=\"https:\/\/cnrs.cz\/sympozium\/wp-content\/uploads\/2024\/08\/dat153.png 450w, https:\/\/cnrs.cz\/sympozium\/wp-content\/uploads\/2024\/08\/dat153-300x294.png 300w\" sizes=\"auto, (max-width: 450px) 100vw, 450px\" \/><\/figure>\n<\/div>\n\n\n\n<div class=\"wp-block-column is-layout-flow wp-block-column-is-layout-flow\" style=\"flex-basis:24%\">\n<div style=\"height:100px\" aria-hidden=\"true\" class=\"wp-block-spacer\"><\/div>\n<\/div>\n<\/div>\n\n\n\n<div style=\"height:93px\" aria-hidden=\"true\" class=\"wp-block-spacer\"><\/div>\n\n\n\n<h3 class=\"wp-block-heading has-text-align-center\">Pro lep\u0161\u00ed orientaci jsme pro V\u00e1s p\u0159ipravili \u0161ablony ve form\u00e1tu MS Word.<\/h3>\n\n\n\n<div class=\"wp-block-columns is-layout-flex wp-container-core-columns-is-layout-9d6595d7 wp-block-columns-is-layout-flex\">\n<div class=\"wp-block-column is-layout-flow wp-block-column-is-layout-flow\" style=\"flex-basis:24%\">\n<div style=\"height:100px\" aria-hidden=\"true\" class=\"wp-block-spacer\"><\/div>\n<\/div>\n\n\n\n<div class=\"wp-block-column is-layout-flow wp-block-column-is-layout-flow\" style=\"flex-basis:25%\">\n<div style=\"height:20px\" aria-hidden=\"true\" class=\"wp-block-spacer\"><\/div>\n\n\n\n<figure class=\"wp-block-image size-full hvr-grow\"><a href=\"https:\/\/cnrs.cz\/sympozium\/wp-content\/uploads\/2024\/08\/Abstrakta-Neuroreha-2025-Sablona.docx\" target=\"_blank\" rel=\"noreferrer noopener\"><img loading=\"lazy\" decoding=\"async\" width=\"450\" height=\"439\" src=\"https:\/\/cnrs.cz\/sympozium\/wp-content\/uploads\/2024\/08\/wordicon.png\" alt=\"\" class=\"wp-image-1169\" srcset=\"https:\/\/cnrs.cz\/sympozium\/wp-content\/uploads\/2024\/08\/wordicon.png 450w, https:\/\/cnrs.cz\/sympozium\/wp-content\/uploads\/2024\/08\/wordicon-300x293.png 300w\" sizes=\"auto, (max-width: 450px) 100vw, 450px\" \/><\/a><\/figure>\n\n\n\n<p class=\"has-text-align-center\"><em>\u0160ablona pro p\u016fvodn\u00ed pr\u00e1ci<\/em><\/p>\n<\/div>\n\n\n\n<div class=\"wp-block-column is-layout-flow wp-block-column-is-layout-flow\" style=\"flex-basis:2%\">\n<div style=\"height:106px\" aria-hidden=\"true\" class=\"wp-block-spacer\"><\/div>\n<\/div>\n\n\n\n<div class=\"wp-block-column is-layout-flow wp-block-column-is-layout-flow\" style=\"flex-basis:25%\">\n<div style=\"height:20px\" aria-hidden=\"true\" class=\"wp-block-spacer\"><\/div>\n\n\n\n<figure class=\"wp-block-image size-full hvr-grow\"><a href=\"https:\/\/cnrs.cz\/sympozium\/wp-content\/uploads\/2024\/08\/Abstrakta-kazuistika-Neuroreha-2025-Sablona.docx\" target=\"_blank\" rel=\"noreferrer noopener\"><img loading=\"lazy\" decoding=\"async\" width=\"450\" height=\"439\" src=\"https:\/\/cnrs.cz\/sympozium\/wp-content\/uploads\/2024\/08\/wordicon.png\" alt=\"\" class=\"wp-image-1169\" srcset=\"https:\/\/cnrs.cz\/sympozium\/wp-content\/uploads\/2024\/08\/wordicon.png 450w, https:\/\/cnrs.cz\/sympozium\/wp-content\/uploads\/2024\/08\/wordicon-300x293.png 300w\" sizes=\"auto, (max-width: 450px) 100vw, 450px\" \/><\/a><\/figure>\n\n\n\n<p class=\"has-text-align-center\"><em>\u0160ablona pro kazuistiku<\/em><\/p>\n<\/div>\n\n\n\n<div class=\"wp-block-column is-layout-flow wp-block-column-is-layout-flow\" style=\"flex-basis:24%\">\n<div style=\"height:100px\" aria-hidden=\"true\" class=\"wp-block-spacer\"><\/div>\n<\/div>\n<\/div>\n\n\n\n<div style=\"height:93px\" aria-hidden=\"true\" class=\"wp-block-spacer\"><\/div>\n\n\n\n<p class=\"has-text-align-center\">Abstrakta budou po skon\u010den\u00ed konference vyd\u00e1na v elektronick\u00e9 publikaci Neuroreha 2025 &#8211; Sborn\u00edk abstrakt s vlastn\u00edm ISBN.<\/p>\n\n\n\n<div style=\"height:56px\" aria-hidden=\"true\" class=\"wp-block-spacer\"><\/div>\n\n\n\n<p class=\"has-text-align-center\"><strong>SV\u016eJ P\u0158\u00cdSP\u011aVEK N\u00c1M PROS\u00cdM ZA\u0160LETE<br><\/strong>prost\u0159ednictv\u00edm tohoto formul\u00e1\u0159e:<\/p>\n\n\n\n<div class=\"wp-block-columns is-layout-flex wp-container-core-columns-is-layout-9d6595d7 wp-block-columns-is-layout-flex\">\n<div class=\"wp-block-column is-layout-flow wp-block-column-is-layout-flow\" style=\"flex-basis:30%\"><\/div>\n\n\n\n<div class=\"wp-block-column is-layout-flow wp-block-column-is-layout-flow\" style=\"flex-basis:40%\">\n<figure class=\"wp-block-image size-full hvr-grow\"><a href=\"https:\/\/forms.gle\/Px1U6RhjnfgZpQCX8\" target=\"_blank\" rel=\"noreferrer noopener\"><img loading=\"lazy\" decoding=\"async\" width=\"500\" height=\"64\" src=\"https:\/\/cnrs.cz\/sympozium\/wp-content\/uploads\/2024\/08\/abstrakt_form.png\" alt=\"\" class=\"wp-image-1176\" style=\"object-fit:cover\" srcset=\"https:\/\/cnrs.cz\/sympozium\/wp-content\/uploads\/2024\/08\/abstrakt_form.png 500w, https:\/\/cnrs.cz\/sympozium\/wp-content\/uploads\/2024\/08\/abstrakt_form-300x38.png 300w\" sizes=\"auto, (max-width: 500px) 100vw, 500px\" \/><\/a><\/figure>\n<\/div>\n\n\n\n<div class=\"wp-block-column is-layout-flow wp-block-column-is-layout-flow\" style=\"flex-basis:30%\"><\/div>\n<\/div>\n","protected":false},"excerpt":{"rendered":"<p>VYHLA\u0160UJEME SOUT\u011a\u017d PRO MLAD\u00c9 TALENTY (AUTO\u0158I DO 35 LET) DOTOVANOU FINAN\u010cN\u00cd ODM\u011aNOU 5000,- K\u010d Pro za\u0159azen\u00ed do sout\u011b\u017ee sta\u010d\u00ed zakliknout p\u0159\u00edslu\u0161n\u00e9 pol\u00ed\u010dko ve formul\u00e1\u0159i b\u011bhem odes\u00edl\u00e1n\u00ed abstraktu. ABSTRAKT: K prezentaci na sympoziu NEUROREHA 2025 je mo\u017en\u00e9 p\u0159ihl\u00e1sit sd\u011blen\u00ed, kter\u00e1 obsahuj\u00ed v\u00fdsledky vlastn\u00ed v\u00fdzkumn\u00e9 pr\u00e1ce, nebo kazuistiky. STRUKTURA: Maxim\u00e1ln\u00ed d\u00e9lka textu abstraktu je 400 slov, d\u00e9lka<br \/><a class=\"moretag\" href=\"https:\/\/cnrs.cz\/sympozium\/pro-prednasejici\/\">+ Read More<\/a><\/p>\n","protected":false},"author":1,"featured_media":0,"parent":0,"menu_order":0,"comment_status":"closed","ping_status":"closed","template":"templates\/page-fullwidth_template.php","meta":{"_uag_custom_page_level_css":"","footnotes":""},"class_list":["post-337","page","type-page","status-publish","hentry"],"yoast_head":"<!-- This site is optimized with the Yoast SEO plugin v27.4 - https:\/\/yoast.com\/product\/yoast-seo-wordpress\/ -->\n<title>Pro p\u0159edn\u00e1\u0161ej\u00edc\u00ed - NEUROREHA 2024<\/title>\n<meta name=\"robots\" content=\"index, follow, max-snippet:-1, max-image-preview:large, max-video-preview:-1\" \/>\n<link rel=\"canonical\" href=\"https:\/\/cnrs.cz\/sympozium\/pro-prednasejici\/\" \/>\n<meta property=\"og:locale\" content=\"cs_CZ\" \/>\n<meta property=\"og:type\" content=\"article\" \/>\n<meta property=\"og:title\" content=\"Pro p\u0159edn\u00e1\u0161ej\u00edc\u00ed - NEUROREHA 2024\" \/>\n<meta property=\"og:description\" content=\"VYHLA\u0160UJEME SOUT\u011a\u017d PRO MLAD\u00c9 TALENTY (AUTO\u0158I DO 35 LET) DOTOVANOU FINAN\u010cN\u00cd ODM\u011aNOU 5000,- K\u010d Pro za\u0159azen\u00ed do sout\u011b\u017ee sta\u010d\u00ed zakliknout p\u0159\u00edslu\u0161n\u00e9 pol\u00ed\u010dko ve formul\u00e1\u0159i b\u011bhem odes\u00edl\u00e1n\u00ed abstraktu. ABSTRAKT: K prezentaci na sympoziu NEUROREHA 2025 je mo\u017en\u00e9 p\u0159ihl\u00e1sit sd\u011blen\u00ed, kter\u00e1 obsahuj\u00ed v\u00fdsledky vlastn\u00ed v\u00fdzkumn\u00e9 pr\u00e1ce, nebo kazuistiky. STRUKTURA: Maxim\u00e1ln\u00ed d\u00e9lka textu abstraktu je 400 slov, d\u00e9lka+ Read More\" \/>\n<meta property=\"og:url\" content=\"https:\/\/cnrs.cz\/sympozium\/pro-prednasejici\/\" \/>\n<meta property=\"og:site_name\" content=\"NEUROREHA 2024\" \/>\n<meta property=\"article:modified_time\" content=\"2024-08-15T21:19:07+00:00\" \/>\n<meta property=\"og:image\" content=\"https:\/\/cnrs.cz\/sympozium\/wp-content\/uploads\/2024\/08\/2025puvodniprace.png\" \/>\n<meta name=\"twitter:card\" content=\"summary_large_image\" \/>\n<meta name=\"twitter:label1\" content=\"Odhadovan\u00e1 doba \u010dten\u00ed\" \/>\n\t<meta name=\"twitter:data1\" content=\"3 minuty\" \/>\n<script type=\"application\/ld+json\" class=\"yoast-schema-graph\">{\"@context\":\"https:\\\/\\\/schema.org\",\"@graph\":[{\"@type\":\"WebPage\",\"@id\":\"https:\\\/\\\/cnrs.cz\\\/sympozium\\\/pro-prednasejici\\\/\",\"url\":\"https:\\\/\\\/cnrs.cz\\\/sympozium\\\/pro-prednasejici\\\/\",\"name\":\"Pro p\u0159edn\u00e1\u0161ej\u00edc\u00ed - NEUROREHA 2024\",\"isPartOf\":{\"@id\":\"https:\\\/\\\/cnrs.cz\\\/sympozium\\\/#website\"},\"primaryImageOfPage\":{\"@id\":\"https:\\\/\\\/cnrs.cz\\\/sympozium\\\/pro-prednasejici\\\/#primaryimage\"},\"image\":{\"@id\":\"https:\\\/\\\/cnrs.cz\\\/sympozium\\\/pro-prednasejici\\\/#primaryimage\"},\"thumbnailUrl\":\"https:\\\/\\\/cnrs.cz\\\/sympozium\\\/wp-content\\\/uploads\\\/2024\\\/08\\\/2025puvodniprace.png\",\"datePublished\":\"2023-04-03T17:11:33+00:00\",\"dateModified\":\"2024-08-15T21:19:07+00:00\",\"breadcrumb\":{\"@id\":\"https:\\\/\\\/cnrs.cz\\\/sympozium\\\/pro-prednasejici\\\/#breadcrumb\"},\"inLanguage\":\"cs\",\"potentialAction\":[{\"@type\":\"ReadAction\",\"target\":[\"https:\\\/\\\/cnrs.cz\\\/sympozium\\\/pro-prednasejici\\\/\"]}]},{\"@type\":\"ImageObject\",\"inLanguage\":\"cs\",\"@id\":\"https:\\\/\\\/cnrs.cz\\\/sympozium\\\/pro-prednasejici\\\/#primaryimage\",\"url\":\"https:\\\/\\\/cnrs.cz\\\/sympozium\\\/wp-content\\\/uploads\\\/2024\\\/08\\\/2025puvodniprace.png\",\"contentUrl\":\"https:\\\/\\\/cnrs.cz\\\/sympozium\\\/wp-content\\\/uploads\\\/2024\\\/08\\\/2025puvodniprace.png\",\"width\":400,\"height\":641},{\"@type\":\"BreadcrumbList\",\"@id\":\"https:\\\/\\\/cnrs.cz\\\/sympozium\\\/pro-prednasejici\\\/#breadcrumb\",\"itemListElement\":[{\"@type\":\"ListItem\",\"position\":1,\"name\":\"Dom\u016f\",\"item\":\"https:\\\/\\\/cnrs.cz\\\/sympozium\\\/\"},{\"@type\":\"ListItem\",\"position\":2,\"name\":\"Pro p\u0159edn\u00e1\u0161ej\u00edc\u00ed\"}]},{\"@type\":\"WebSite\",\"@id\":\"https:\\\/\\\/cnrs.cz\\\/sympozium\\\/#website\",\"url\":\"https:\\\/\\\/cnrs.cz\\\/sympozium\\\/\",\"name\":\"NEUROREHA 2024\",\"description\":\"IX. RO\u010cN\u00cdK NEUROREHABILITA\u010cN\u00cdHO  INTERDISCIPLIN\u00c1RN\u00cdHO SYMPOZIA  S MEZIN\u00c1RODN\u00cd \u00da\u010cAST\u00cd\",\"publisher\":{\"@id\":\"https:\\\/\\\/cnrs.cz\\\/sympozium\\\/#organization\"},\"potentialAction\":[{\"@type\":\"SearchAction\",\"target\":{\"@type\":\"EntryPoint\",\"urlTemplate\":\"https:\\\/\\\/cnrs.cz\\\/sympozium\\\/?s={search_term_string}\"},\"query-input\":{\"@type\":\"PropertyValueSpecification\",\"valueRequired\":true,\"valueName\":\"search_term_string\"}}],\"inLanguage\":\"cs\"},{\"@type\":\"Organization\",\"@id\":\"https:\\\/\\\/cnrs.cz\\\/sympozium\\\/#organization\",\"name\":\"NEUROREHA 2024\",\"url\":\"https:\\\/\\\/cnrs.cz\\\/sympozium\\\/\",\"logo\":{\"@type\":\"ImageObject\",\"inLanguage\":\"cs\",\"@id\":\"https:\\\/\\\/cnrs.cz\\\/sympozium\\\/#\\\/schema\\\/logo\\\/image\\\/\",\"url\":\"https:\\\/\\\/cnrs.cz\\\/sympozium\\\/wp-content\\\/uploads\\\/2023\\\/03\\\/Neuroreha2023-FavIcon.png\",\"contentUrl\":\"https:\\\/\\\/cnrs.cz\\\/sympozium\\\/wp-content\\\/uploads\\\/2023\\\/03\\\/Neuroreha2023-FavIcon.png\",\"width\":512,\"height\":512,\"caption\":\"NEUROREHA 2024\"},\"image\":{\"@id\":\"https:\\\/\\\/cnrs.cz\\\/sympozium\\\/#\\\/schema\\\/logo\\\/image\\\/\"}}]}<\/script>\n<!-- \/ Yoast SEO plugin. -->","yoast_head_json":{"title":"Pro p\u0159edn\u00e1\u0161ej\u00edc\u00ed - NEUROREHA 2024","robots":{"index":"index","follow":"follow","max-snippet":"max-snippet:-1","max-image-preview":"max-image-preview:large","max-video-preview":"max-video-preview:-1"},"canonical":"https:\/\/cnrs.cz\/sympozium\/pro-prednasejici\/","og_locale":"cs_CZ","og_type":"article","og_title":"Pro p\u0159edn\u00e1\u0161ej\u00edc\u00ed - NEUROREHA 2024","og_description":"VYHLA\u0160UJEME SOUT\u011a\u017d PRO MLAD\u00c9 TALENTY (AUTO\u0158I DO 35 LET) DOTOVANOU FINAN\u010cN\u00cd ODM\u011aNOU 5000,- K\u010d Pro za\u0159azen\u00ed do sout\u011b\u017ee sta\u010d\u00ed zakliknout p\u0159\u00edslu\u0161n\u00e9 pol\u00ed\u010dko ve formul\u00e1\u0159i b\u011bhem odes\u00edl\u00e1n\u00ed abstraktu. ABSTRAKT: K prezentaci na sympoziu NEUROREHA 2025 je mo\u017en\u00e9 p\u0159ihl\u00e1sit sd\u011blen\u00ed, kter\u00e1 obsahuj\u00ed v\u00fdsledky vlastn\u00ed v\u00fdzkumn\u00e9 pr\u00e1ce, nebo kazuistiky. STRUKTURA: Maxim\u00e1ln\u00ed d\u00e9lka textu abstraktu je 400 slov, d\u00e9lka+ Read More","og_url":"https:\/\/cnrs.cz\/sympozium\/pro-prednasejici\/","og_site_name":"NEUROREHA 2024","article_modified_time":"2024-08-15T21:19:07+00:00","og_image":[{"url":"https:\/\/cnrs.cz\/sympozium\/wp-content\/uploads\/2024\/08\/2025puvodniprace.png","type":"","width":"","height":""}],"twitter_card":"summary_large_image","twitter_misc":{"Odhadovan\u00e1 doba \u010dten\u00ed":"3 minuty"},"schema":{"@context":"https:\/\/schema.org","@graph":[{"@type":"WebPage","@id":"https:\/\/cnrs.cz\/sympozium\/pro-prednasejici\/","url":"https:\/\/cnrs.cz\/sympozium\/pro-prednasejici\/","name":"Pro p\u0159edn\u00e1\u0161ej\u00edc\u00ed - NEUROREHA 2024","isPartOf":{"@id":"https:\/\/cnrs.cz\/sympozium\/#website"},"primaryImageOfPage":{"@id":"https:\/\/cnrs.cz\/sympozium\/pro-prednasejici\/#primaryimage"},"image":{"@id":"https:\/\/cnrs.cz\/sympozium\/pro-prednasejici\/#primaryimage"},"thumbnailUrl":"https:\/\/cnrs.cz\/sympozium\/wp-content\/uploads\/2024\/08\/2025puvodniprace.png","datePublished":"2023-04-03T17:11:33+00:00","dateModified":"2024-08-15T21:19:07+00:00","breadcrumb":{"@id":"https:\/\/cnrs.cz\/sympozium\/pro-prednasejici\/#breadcrumb"},"inLanguage":"cs","potentialAction":[{"@type":"ReadAction","target":["https:\/\/cnrs.cz\/sympozium\/pro-prednasejici\/"]}]},{"@type":"ImageObject","inLanguage":"cs","@id":"https:\/\/cnrs.cz\/sympozium\/pro-prednasejici\/#primaryimage","url":"https:\/\/cnrs.cz\/sympozium\/wp-content\/uploads\/2024\/08\/2025puvodniprace.png","contentUrl":"https:\/\/cnrs.cz\/sympozium\/wp-content\/uploads\/2024\/08\/2025puvodniprace.png","width":400,"height":641},{"@type":"BreadcrumbList","@id":"https:\/\/cnrs.cz\/sympozium\/pro-prednasejici\/#breadcrumb","itemListElement":[{"@type":"ListItem","position":1,"name":"Dom\u016f","item":"https:\/\/cnrs.cz\/sympozium\/"},{"@type":"ListItem","position":2,"name":"Pro p\u0159edn\u00e1\u0161ej\u00edc\u00ed"}]},{"@type":"WebSite","@id":"https:\/\/cnrs.cz\/sympozium\/#website","url":"https:\/\/cnrs.cz\/sympozium\/","name":"NEUROREHA 2024","description":"IX. RO\u010cN\u00cdK NEUROREHABILITA\u010cN\u00cdHO  INTERDISCIPLIN\u00c1RN\u00cdHO SYMPOZIA  S MEZIN\u00c1RODN\u00cd \u00da\u010cAST\u00cd","publisher":{"@id":"https:\/\/cnrs.cz\/sympozium\/#organization"},"potentialAction":[{"@type":"SearchAction","target":{"@type":"EntryPoint","urlTemplate":"https:\/\/cnrs.cz\/sympozium\/?s={search_term_string}"},"query-input":{"@type":"PropertyValueSpecification","valueRequired":true,"valueName":"search_term_string"}}],"inLanguage":"cs"},{"@type":"Organization","@id":"https:\/\/cnrs.cz\/sympozium\/#organization","name":"NEUROREHA 2024","url":"https:\/\/cnrs.cz\/sympozium\/","logo":{"@type":"ImageObject","inLanguage":"cs","@id":"https:\/\/cnrs.cz\/sympozium\/#\/schema\/logo\/image\/","url":"https:\/\/cnrs.cz\/sympozium\/wp-content\/uploads\/2023\/03\/Neuroreha2023-FavIcon.png","contentUrl":"https:\/\/cnrs.cz\/sympozium\/wp-content\/uploads\/2023\/03\/Neuroreha2023-FavIcon.png","width":512,"height":512,"caption":"NEUROREHA 2024"},"image":{"@id":"https:\/\/cnrs.cz\/sympozium\/#\/schema\/logo\/image\/"}}]}},"featured_image_src":false,"featured_image_src_square":false,"rbea_author_info":{"display_name":"marekmotor","author_link":"https:\/\/cnrs.cz\/sympozium\/author\/marekmotor\/"},"rbea_excerpt_info":"VYHLA\u0160UJEME SOUT\u011a\u017d PRO MLAD\u00c9 TALENTY (AUTO\u0158I DO 35 LET) DOTOVANOU FINAN\u010cN\u00cd ODM\u011aNOU 5000,- K\u010d Pro za\u0159azen\u00ed do sout\u011b\u017ee sta\u010d\u00ed zakliknout p\u0159\u00edslu\u0161n\u00e9 pol\u00ed\u010dko ve formul\u00e1\u0159i b\u011bhem odes\u00edl\u00e1n\u00ed abstraktu. ABSTRAKT: K prezentaci na sympoziu NEUROREHA 2025 je mo\u017en\u00e9 p\u0159ihl\u00e1sit sd\u011blen\u00ed, kter\u00e1 obsahuj\u00ed v\u00fdsledky vlastn\u00ed v\u00fdzkumn\u00e9 pr\u00e1ce, nebo kazuistiky. STRUKTURA: Maxim\u00e1ln\u00ed d\u00e9lka textu abstraktu je 400 slov, d\u00e9lka<br><a class=\"moretag\" href=\"https:\/\/cnrs.cz\/sympozium\/pro-prednasejici\/\">+ Read More<\/a>","uagb_featured_image_src":{"full":false,"thumbnail":false,"medium":false,"medium_large":false,"large":false,"1536x1536":false,"2048x2048":false,"complete_thumb":false,"footerthumb":false},"uagb_author_info":{"display_name":"marekmotor","author_link":"https:\/\/cnrs.cz\/sympozium\/author\/marekmotor\/"},"uagb_comment_info":0,"uagb_excerpt":"VYHLA\u0160UJEME SOUT\u011a\u017d PRO MLAD\u00c9 TALENTY (AUTO\u0158I DO 35 LET) DOTOVANOU FINAN\u010cN\u00cd ODM\u011aNOU 5000,- K\u010d Pro za\u0159azen\u00ed do sout\u011b\u017ee sta\u010d\u00ed zakliknout p\u0159\u00edslu\u0161n\u00e9 pol\u00ed\u010dko ve formul\u00e1\u0159i b\u011bhem odes\u00edl\u00e1n\u00ed abstraktu. ABSTRAKT: K prezentaci na sympoziu NEUROREHA 2025 je mo\u017en\u00e9 p\u0159ihl\u00e1sit sd\u011blen\u00ed, kter\u00e1 obsahuj\u00ed v\u00fdsledky vlastn\u00ed v\u00fdzkumn\u00e9 pr\u00e1ce, nebo kazuistiky. STRUKTURA: Maxim\u00e1ln\u00ed d\u00e9lka textu abstraktu je 400 slov, d\u00e9lka+&hellip;","_links":{"self":[{"href":"https:\/\/cnrs.cz\/sympozium\/wp-json\/wp\/v2\/pages\/337","targetHints":{"allow":["GET"]}}],"collection":[{"href":"https:\/\/cnrs.cz\/sympozium\/wp-json\/wp\/v2\/pages"}],"about":[{"href":"https:\/\/cnrs.cz\/sympozium\/wp-json\/wp\/v2\/types\/page"}],"author":[{"embeddable":true,"href":"https:\/\/cnrs.cz\/sympozium\/wp-json\/wp\/v2\/users\/1"}],"replies":[{"embeddable":true,"href":"https:\/\/cnrs.cz\/sympozium\/wp-json\/wp\/v2\/comments?post=337"}],"version-history":[{"count":37,"href":"https:\/\/cnrs.cz\/sympozium\/wp-json\/wp\/v2\/pages\/337\/revisions"}],"predecessor-version":[{"id":1178,"href":"https:\/\/cnrs.cz\/sympozium\/wp-json\/wp\/v2\/pages\/337\/revisions\/1178"}],"wp:attachment":[{"href":"https:\/\/cnrs.cz\/sympozium\/wp-json\/wp\/v2\/media?parent=337"}],"curies":[{"name":"wp","href":"https:\/\/api.w.org\/{rel}","templated":true}]}}